*d + 75 = -36*d. Suppose 0 = 5*k - d, 5*k = -f - f + 469. What is the tens digit of f?
2
Let y(b) be the third derivative of 25*b**4/24 - 71*b**3/6 + b**2 - 50*b. What is the hundreds digit of y(28)?
6
Suppose 2*w + 4088 = 2*i, 3*w - 2519 = -2*i + 1549. What is the units digit of i?
0
Let c be 3/(-5) - 32/(-20). Let p be (0 - c - -1)*1. Suppose f - 656 = -4*r, r - 5*f - 185 = -p*r. What is the units digit of r?
5
Let x = -178 + 278. Let r = 81 + x. What is the units digit of r?
1
Suppose 0 = 8*g - 5*g - 9, 4*f + 4*g = 44. What is the hundreds digit of (-27)/(f - 17) + 193?
1
Let y be 14/(-49) - (-835)/7. Let q = y + -46. Let o = q + -45. What is the tens digit of o?
2
Let v be (-4)/(-26) + (-144)/(-78). Suppose -5*h = -3*i - 158 - 65, h + v*i = 42. What is the units digit of 888/44 - 8/h?
0
Let p(s) = s**3 - 8*s**2 - 18*s - 16. Let z be p(10). Let w(b) = 58*b**2 + 20*b - 48. What is the tens digit of w(z)?
6
Let l(z) = -z**2 - 20*z + 167. Let p be l(10). Let k = 1102 + p. What is the hundreds digit of k?
9
Let w(s) = -s + 8 + s**3 - 11*s**2 - 2*s**3 + 4 - 15. Let i be w(-11). Suppose 3*x - i = 82. What is the units digit of x?
0
Let w(t) = 7314*t + 91. What is the thousands digit of w(1)?
7
Suppose 69*b - 3*f + 8591 = 70*b, 4*b - 7*f - 34459 = 0. What is the tens digit of b?
0
Suppose 42 = -2*z + 54. Suppose 0 = -z*c + 697 + 947. What is the units digit of c?
4
Let g(w) be the third derivative of 1709*w**5/60 - 19*w**4/24 - 19*w**3/6 - 287*w**2. What is the units digit of g(-1)?
9
Let h be (3/5)/((-2)/(-10)). Suppose -2*t - h*r = -2, 4*r = -5*t + 2*r + 16. What is the units digit of t?
4
Let y(x) = -x**3 - x**3 + 2*x + 35 - 17*x**2 + x**3. Let g = 3417 + -3434. What is the units digit of y(g)?
1
Let r(b) = b. Let h be r(5). Suppose 2 = -4*g + h*g. What is the tens digit of g*-1 - 1853/(-17)?
0
Let p(i) = 5*i**2 - 24*i + 86. Let m be p(11). Let a = m - 33. What is the tens digit of a?
9
Suppose 45*w = 20*w + 150. Suppose 1077 = w*d - 5379. What is the thousands digit of d?
1
What is the thousands digit of ((-22)/44*(-46872)/3)/((-1)/(-1))?
7
Let j(p) = -288*p - 372. Let a(w) = 1. Let i(g) = -3*a(g) + j(g). What is the tens digit of i(-7)?
4
What is the hundreds digit of 1124 - 2 - (30 - 39)?
1
Let c be -1041 - ((5 - 9)/(-4) - 5). Let p = -638 - c. What is the tens digit of p?
9
Let n = -9300 - -19147. What is the thousands digit of n?
9
Suppose -3*o - 210 = -21. Let r(s) = 6*s**2 + 31*s + 193. Let n be r(-6). Let y = o + n. What is the units digit of y?
0
Let f(t) = -9*t**2 - 38*t - 98. Let h(v) = -25*v**2 - 113*v - 293. Let o(z) = -11*f(z) + 4*h(z). What is the units digit of o(-29)?
1
Suppose 77*q - 4221949 = -50*q - 1442300. What is the ten thousands digit of q?
2
What is the tens digit of 1*8/(-14) + ((-2134584)/(-56) - 7)?
1
What is the hundreds digit of 14/(224/(-30936))*(4 - 18)?
0
Let a(b) be the third derivative of b**4/24 + b**3 - 23*b**2. Let u be a(0). Suppose -u*p + 584 = 2*p. What is the units digit of p?
3
Let u be (-5)/20 - ((-45)/10 - -5)/(-2). Let x = -1 - -3. Suppose -5*i + b + 81 = u, 67 = i + x*i + 4*b. What is the units digit of i?
7
What is the thousands digit of (50/90)/(60/5688)*2082/4?
7
Let u(i) = 105*i**2 - i + 1. Let b be (2 - 0) + 9/(-3). Let w be u(b). Let c = w - 72. What is the tens digit of c?
3
Suppose 3*n - k - 22444 = 0, 0 = 5*n + 8*k - 7*k - 37404. What is the units digit of n?
1
What is the hundreds digit of -3 - -9*60/(-54) - -56955?
9
Let k(v) = v**3 - 3*v**2 - v - 7. Let y be k(3). Let o be (128/(-40))/(2/y). Suppose -6 - o = -2*x. What is the units digit of x?
1
Let n(y) = y - 5. Let a be n(-10). Let b be (0 + 48)/(a/(-90)). Suppose w + b = 5*i, 5*i - 55 - 243 = -4*w. What is the units digit of i?
8
Suppose u + 6*v = 17130, -u - 405*v + 404*v = -17120. What is the hundreds digit of u?
1
Let t = 674 + -455. Let k = -37 + t. What is the tens digit of k?
8
Let a be 99/5 + (-8)/(-40). Suppose -a*g - 96 = -24*g. Suppose g = 3*f - 0*f. What is the units digit of f?
8
Let r = -188 - -192. Suppose -r*k + 2*k = 2*q - 468, 2*k = 2*q + 476. What is the hundreds digit of k?
2
Suppose -1 = 5*q - 11, -5*p + 4*q = -2. Suppose -p*g + 14*g = 108. Suppose -5*x + g = -1, 4*x - 9 = -a. What is the units digit of a?
1
Suppose 28*o - 24*o - 116 = -5*l, 4*o = -3*l + 76. What is the hundreds digit of (-36)/45 - (-12216)/l?
6
Suppose 0 + 40 = 8*m. Suppose t + 35 = 2*u - 863, 0 = -m*t - 20. What is the units digit of u?
7
Let m be (1/(-2))/((-6)/(-72)). Let p be ((-33)/m - 5)*20. Let l(q) = -q**2 + 27*q - 21. What is the units digit of l(p)?
9
Suppose -10 = 2*u - 2. Let q(g) = -g**3 + 19*g**2 + 41*g + 60. Let r be q(21). Let a = r + u. What is the units digit of a?
5
Let x(r) = -2*r + 22. Let d be 5/((-20)/6)*-1*6. Let z be x(d). Suppose 6*y - 46 = z*y. What is the tens digit of y?
2
Let k be 0/(-1) + (8 + -4 - -104). What is the units digit of ((-45)/(-20))/(3/k)?
1
Suppose -5*w + 17 = -3. What is the hundreds digit of -2 - ((-346)/4 - 0)*w?
3
Suppose 4*u - 45 - 40 - 83 = 0. Let r = 95 + 37. Suppose a - r = u. What is the units digit of a?
4
Let f(o) = -4*o**2 + 5*o + 1869. What is the hundreds digit of f(0)?
8
Let p(f) = -58*f**2 - 5*f + 5. Let d be p(2). Let w = 1482 + d. What is the thousands digit of w?
1
What is the tens digit of (-1 - (-53130)/8) + 62/(-248)?
4
Suppose 0 = 7*g - 428 - 916. Suppose 5*x - 10 = 0, n - 5*x - 120 - g = 0. What is the hundreds digit of n?
3
Suppose -b + 816 = 3*b - 4*w, 0 = -2*w. Suppose 1527 = -b*k + 205*k. What is the units digit of k?
7
Let v(p) = -p**3 - 26*p**2 - 2*p - 94. Let z(l) = -3*l**2 - 26*l - 43. Let r be z(-8). What is the tens digit of v(r)?
8
Let d = -267 - -227. What is the tens digit of 25644/32 - (-15)/d?
0
Let r(j) = 47*j**2 - 28*j - 1. What is the tens digit of r(-13)?
0
Let v = 161 - 137. Let n(h) = h**2 - 25*h + 26. Let m be n(v). Suppose -610 = -4*l + a, 0 = -l + m*l - 4*a - 160. What is the hundreds digit of l?
1
Let o(v) be the third derivative of -v**6/120 - v**5/12 + 13*v**4/12 - 7*v**3/6 + 169*v**2. What is the hundreds digit of o(-10)?
2
Let j = -261 - -413. Let d = j + -135. What is the tens digit of d?
1
Let a(j) = -20*j + 3153. What is the thousands digit of a(0)?
3
Let j(p) = 322*p**2 - 60*p - 6. What is the units digit of j(-5)?
4
Let y(q) = -14*q**3 - 5*q**2 - 7*q - 10. What is the hundreds digit of y(-5)?
6
Suppose -2*f = 4*s - 1396, 352 = 11*s - 10*s + 2*f. What is the hundreds digit of (3 + s)/(1 + -2 + 2)?
3
Suppose 871 = 4*z - 393. Suppose 2*c - z = -5*y - 57, -2*y - 691 = -5*c. What is the units digit of c?
7
Let i(x) = -x**2 + 38*x - 9. Let p be i(38). What is the tens digit of (-1 + -7323)*p/36?
3
Let s = -4 + 79. Let a = -44 + s. What is the units digit of a?
1
Let l = -9857 + 24419. What is the thousands digit of l?
4
Suppose -2*w - 408 = -0*w. Suppose -5*p - 413 = -h, 4*p = p - 5*h - 259. Let a = p - w. What is the hundreds digit of a?
1
Suppose 141207 = 81*o - 481197. What is the units digit of o?
4
Suppose -16*x = -53*x + 370. Suppose 4*p + 2*k - 7600 = 0, -x*k + 8*k = -5*p + 9491. What is the units digit of p?
9
Suppose -11*r = 4*r + 4*r - 22743. What is the hundreds digit of r?
1
Suppose 0 = 3*p + 5*f - 1984, -2*f + 8 + 2 = 0. Let d be (1347/(-12))/(1 - 3/4). Let a = d + p. What is the hundreds digit of a?
2
Let z(d) = d**2 + 9*d. Let f be z(-3). What is the units digit of (-38)/(-171) - 950/f?
3
Let f(l) = -17*l - 334. Let y be f(-29). Let b = 496 + y. What is the hundreds digit of b?
6
Let w(v) = v**3 - 10*v**2 + 5*v + 6. Let p be w(11). Let f = p + -114. What is the units digit of f?
8
Let k(d) = -33*d + 75. Let s be 61/(-5) - (-3)/15. What is the hundreds digit of k(s)?
4
Let a be 2 - 153*(-6)/2. Let j = 775 - a. Let k = j - 193. What is the units digit of k?
1
Suppose 0 = -3*g - 3*j - 36, -g + 4*j - 3 = -1. What is the units digit of (-55 - 1)*(12 + -7)/g?
8
Suppose -415*j + 27799 = -410*j - 29481. What is the thousands digit of j?
1
Let t be (-6 + 4 - -4) + 2. Suppose 5*d - 1764 = -a + 1489, -d + 643 = t*a. What is the hundreds digit of d?
6
What is the hundreds digit of 4 + 10 - 26 - -408?
3
Suppose -3*j - 108 = 4*w, 3*j = -w - j - 40. Let y be 6/w - (-26)/8. Suppose o + 2 = y, -3*o = -2*l + 297. What is the hundreds digit of l?
1
